{"id":29,"date":"2017-08-30T20:56:05","date_gmt":"2017-08-30T18:56:05","guid":{"rendered":"https:\/\/tst.basketclubs.be\/royalbceclair\/?page_id=29"},"modified":"2018-06-21T13:27:10","modified_gmt":"2018-06-21T11:27:10","slug":"the-club-1","status":"publish","type":"page","link":"https:\/\/tst.basketclubs.be\/royalbceclair\/the-club-1\/","title":{"rendered":"Cotisation 2018\/2019"},"content":{"rendered":"<table>\n<tbody>\n<tr>\n<td width=\"200\">\u00a0Baby basket et initiation (2011 et apr\u00e8s)<\/td>\n<td width=\"40\">150\u20ac<\/td>\n<\/tr>\n<tr style=\"background-color: #ffffb4\">\n<td>\u00a0Pr\u00e9-poussins U8 (2011,2012)<\/td>\n<td>250\u20ac<\/td>\n<\/tr>\n<tr>\n<td>\u00a0Poussins \u00a0U10 (2009, 2010)<\/td>\n<td>250\u20ac<\/td>\n<\/tr>\n<tr style=\"background-color: #ffffb4\">\n<td>\u00a0Benjamins U12 (2007,2008)<\/td>\n<td>250\u20ac<\/td>\n<\/tr>\n<tr>\n<td>\u00a0Pupilles U14 (2005, 2006)<\/td>\n<td>250\u20ac<\/td>\n<\/tr>\n<tr style=\"background-color: #ffffb4\">\n<td>\u00a0Minimes U16 (2003, 2004)<\/td>\n<td>250\u20ac<\/td>\n<\/tr>\n<tr>\n<td>\u00a0Cadets U18 (2001, 2002)<\/td>\n<td>250\u20ac<\/td>\n<\/tr>\n<tr style=\"background-color: #ffffb4\">\n<td>\u00a0Cadettes U19 (2000, 2001, 2002)<\/td>\n<td>250\u20ac<\/td>\n<\/tr>\n<tr>\n<td>\u00a0R\u00e9serve P3 et P3<\/td>\n<td>250\u20ac<\/td>\n<\/tr>\n<tr style=\"background-color: #ffffb4\">\n<td>\u00a0V\u00e9t\u00e9rans (N\u00e9s avant 1981)<\/td>\n<td>150\u20ac<\/td>\n<\/tr>\n<\/tbody>\n<\/table>\n<p>La moiti\u00e9 de la cotisation doit \u00eatre pay\u00e9e pour le 1er septembre 2018, le solde pour le 15 novembre 2018.<\/p>\n<p>Plus d&rsquo;information dans la communication de <a href=\"https:\/\/tst.basketclubs.be\/royalbceclair\/news\/preparation-saison-2018-2019\/\">Pr\u00e9paration de la saison 2018-19<\/a><\/p>\n","protected":false},"excerpt":{"rendered":"<p>\u00a0Baby basket et initiation (2011 et apr\u00e8s) 150\u20ac \u00a0Pr\u00e9-poussins U8 (2011,2012) 250\u20ac \u00a0Poussins \u00a0U10 (2009, 2010) 250\u20ac \u00a0Benjamins U12 (2007,2008) 250\u20ac \u00a0Pupilles U14 (2005, 2006) 250\u20ac \u00a0Minimes U16 (2003, 2004) 250\u20ac \u00a0Cadets U18 (2001, 2002) 250\u20ac \u00a0Cadettes U19 (2000, 2001, 2002) 250\u20ac \u00a0R\u00e9serve P3 et P3 250\u20ac \u00a0V\u00e9t\u00e9rans (N\u00e9s avant 1981) 150\u20ac La moiti\u00e9 de [&hellip;]<\/p>\n","protected":false},"author":123,"featured_media":0,"parent":0,"menu_order":0,"comment_status":"closed","ping_status":"closed","template":"page-templates\/page-free.php","meta":{"footnotes":""},"class_list":["post-29","page","type-page","status-publish","hentry"],"_links":{"self":[{"href":"https:\/\/tst.basketclubs.be\/royalbceclair\/wp-json\/wp\/v2\/pages\/29","targetHints":{"allow":["GET"]}}],"collection":[{"href":"https:\/\/tst.basketclubs.be\/royalbceclair\/wp-json\/wp\/v2\/pages"}],"about":[{"href":"https:\/\/tst.basketclubs.be\/royalbceclair\/wp-json\/wp\/v2\/types\/page"}],"author":[{"embeddable":true,"href":"https:\/\/tst.basketclubs.be\/royalbceclair\/wp-json\/wp\/v2\/users\/123"}],"replies":[{"embeddable":true,"href":"https:\/\/tst.basketclubs.be\/royalbceclair\/wp-json\/wp\/v2\/comments?post=29"}],"version-history":[{"count":8,"href":"https:\/\/tst.basketclubs.be\/royalbceclair\/wp-json\/wp\/v2\/pages\/29\/revisions"}],"predecessor-version":[{"id":308,"href":"https:\/\/tst.basketclubs.be\/royalbceclair\/wp-json\/wp\/v2\/pages\/29\/revisions\/308"}],"wp:attachment":[{"href":"https:\/\/tst.basketclubs.be\/royalbceclair\/wp-json\/wp\/v2\/media?parent=29"}],"curies":[{"name":"wp","href":"https:\/\/api.w.org\/{rel}","templated":true}]}}