{"id":3,"date":"2016-07-03T22:38:45","date_gmt":"2016-07-03T20:38:45","guid":{"rendered":"https:\/\/tst.basketclubs.be\/mosajambes\/?page_id=3"},"modified":"2019-10-16T21:46:30","modified_gmt":"2019-10-16T19:46:30","slug":"history","status":"publish","type":"page","link":"https:\/\/tst.basketclubs.be\/mosajambes\/history\/","title":{"rendered":"Historique"},"content":{"rendered":"<p><a href=\"https:\/\/tst.basketclubs.be\/mosajambes\/wp-content\/uploads\/sites\/92\/2019\/10\/L2415919-2.jpg\" data-rel=\"lightbox-image-0\" data-rl_title=\"\" data-rl_caption=\"\" title=\"\"><img loading=\"lazy\" decoding=\"async\" src=\"https:\/\/tst.basketclubs.be\/mosajambes\/wp-content\/uploads\/sites\/92\/2019\/10\/L2415919-2-300x99.jpg\" alt=\"\" width=\"300\" height=\"99\" class=\"alignnone size-medium wp-image-518\" srcset=\"https:\/\/tst.basketclubs.be\/mosajambes\/wp-content\/uploads\/sites\/92\/2019\/10\/L2415919-2-300x99.jpg 300w, https:\/\/tst.basketclubs.be\/mosajambes\/wp-content\/uploads\/sites\/92\/2019\/10\/L2415919-2-768x254.jpg 768w, https:\/\/tst.basketclubs.be\/mosajambes\/wp-content\/uploads\/sites\/92\/2019\/10\/L2415919-2-1024x339.jpg 1024w, https:\/\/tst.basketclubs.be\/mosajambes\/wp-content\/uploads\/sites\/92\/2019\/10\/L2415919-2.jpg 1300w\" sizes=\"auto, (max-width: 300px) 100vw, 300px\" \/><\/a><\/p>\n<p>La vie du Mosa Jambes d\u00e9bute en 1946.<\/p>\n<p>Le lieu choisi pour d\u00e9buter la pratique du basket-ball est la cour de l&rsquo;Ecole du Parc Astrid, \u00e0 Jambes. Le choix des couleurs bleue et blanche n\u2019est pas anodin, elles repr\u00e9sentent les couleurs de la Ville de Jambes.<\/p>\n<p>Nous sommes le plus ancien club de la Province de Namur, notre matricule est le 0193.<\/p>\n<p>Eh oui, nous avons f\u00eat\u00e9 les 70 ans du club!<\/p>\n<p>C&rsquo;est le 20 juillet\u00a02005 que le club a \u00e9t\u00e9 reconnu \u00ab\u00a0Royal Mosa Jambes\u00a0\u00bb<\/p>\n<p>Dirig\u00e9 par le jambois Didier Dahin et profitant depuis plusieurs ann\u00e9es, de l\u2019infrastructure de la salle de Jambes Souvenir, le Royal Mosa Jambes a aujourd&rsquo;hui 4\u00a0\u00e9quipes seniors et 7\u00a0\u00e9quipes de jeunes. Toutes les cat\u00e9gories de pr\u00e9poussins \u00e0 cadets sont repr\u00e9sent\u00e9es pour la saison 2017-2018.<\/p>\n<p>Le Royal Mosa Jambes participe activement \u00e0 la mise en place du projet Mini Basket. Les 3 cat\u00e9gories (U8, U10 et U12) \u00e9voluent au sein du club.<\/p>\n<p>La devise du club\u00a0: amener chaque joueur \u00e0 son meilleur niveau dans le respect de tous les acteurs de la rencontre. Ce qui est vrai pour les joueurs, l\u2019est aussi pour l\u2019arbitrage. Plusieurs arbitres du club dirigent les rencontres \u00e0 l\u2019\u00e9chelon national, r\u00e9gional et provincial.<\/p>\n<p>&nbsp;<\/p>\n<p>&nbsp;<\/p>\n<p>&nbsp;<\/p>\n","protected":false},"excerpt":{"rendered":"<p>La vie du Mosa Jambes d\u00e9bute en 1946. Le lieu choisi pour d\u00e9buter la pratique du basket-ball est la cour de l&rsquo;Ecole du Parc Astrid, \u00e0 Jambes. Le choix des couleurs bleue et blanche n\u2019est pas anodin, elles repr\u00e9sentent les couleurs de la Ville de Jambes. Nous sommes le plus ancien club de la Province [&hellip;]<\/p>\n","protected":false},"author":108,"featured_media":0,"parent":0,"menu_order":0,"comment_status":"closed","ping_status":"closed","template":"page-templates\/page-history.php","meta":{"footnotes":""},"class_list":["post-3","page","type-page","status-publish","hentry"],"_links":{"self":[{"href":"https:\/\/tst.basketclubs.be\/mosajambes\/wp-json\/wp\/v2\/pages\/3","targetHints":{"allow":["GET"]}}],"collection":[{"href":"https:\/\/tst.basketclubs.be\/mosajambes\/wp-json\/wp\/v2\/pages"}],"about":[{"href":"https:\/\/tst.basketclubs.be\/mosajambes\/wp-json\/wp\/v2\/types\/page"}],"author":[{"embeddable":true,"href":"https:\/\/tst.basketclubs.be\/mosajambes\/wp-json\/wp\/v2\/users\/108"}],"replies":[{"embeddable":true,"href":"https:\/\/tst.basketclubs.be\/mosajambes\/wp-json\/wp\/v2\/comments?post=3"}],"version-history":[{"count":22,"href":"https:\/\/tst.basketclubs.be\/mosajambes\/wp-json\/wp\/v2\/pages\/3\/revisions"}],"predecessor-version":[{"id":520,"href":"https:\/\/tst.basketclubs.be\/mosajambes\/wp-json\/wp\/v2\/pages\/3\/revisions\/520"}],"wp:attachment":[{"href":"https:\/\/tst.basketclubs.be\/mosajambes\/wp-json\/wp\/v2\/media?parent=3"}],"curies":[{"name":"wp","href":"https:\/\/api.w.org\/{rel}","templated":true}]}}