{"id":12,"date":"2015-04-01T22:28:45","date_gmt":"2015-04-01T20:28:45","guid":{"rendered":"https:\/\/tst.basketclubs.be\/espoirhamoir96\/?page_id=12"},"modified":"2016-09-14T20:14:43","modified_gmt":"2016-09-14T18:14:43","slug":"join","status":"publish","type":"page","link":"https:\/\/tst.basketclubs.be\/espoirhamoir96\/join\/","title":{"rendered":"Inscriptions et cotisations"},"content":{"rendered":"<p>&nbsp;<\/p>\n<blockquote><p><span style=\"color: #008000\">Vous ou votre enfant souhaitez rejoindre notre club?<\/span><\/p>\n<p><span style=\"color: #008000\">Pour ce faire envoyez un e-mail \u00e0 l\u2019adresse suivante : bultot.martine@gmail.com ou contactez notre secr\u00e9taire Martine Bultot par t\u00e9l\u00e9phone au 0474\/67.47.48.<\/span><\/p>\n<p>&nbsp;<\/p>\n<p><span style=\"color: #008000\">Toutes les cotisations sont \u00e0 verser sur le compte BE46 3400 4089 5036 en y mentionnant le NOM et PRENOM de votre enfant. Les cotisations doivent \u00eatre pay\u00e9es le plus rapidement possible afin que votre enfant soit en ordre d\u2019assurance. Sans cela, votre enfant ne sera pas assur\u00e9 et ne sera pas admis ni aux entra\u00eenements ni aux matches. Afin de ne pas p\u00e9naliser votre enfant, prenez les mesures ad\u00e9quates pour \u00eatre en ordre rapidement.<\/span><\/p>\n<p><span style=\"color: #008000\">Le certificat m\u00e9dical est \u00e0 rendre, compl\u00e9t\u00e9 par votre m\u00e9decin traitant, au coach de votre enfant. Vous trouverez ce document soit au club aupr\u00e8s d&rsquo;un membre du comit\u00e9 soit dans la rubrique \u00bb infos \u00bb \u00bb documents \u00e0 t\u00e9l\u00e9charger \u00bb<\/span><\/p>\n<p><span style=\"color: #008000\">Spirous : 80 euros<\/span><\/p>\n<p><span style=\"color: #008000\">Pr\u00e9-poussins, poussins, benjamins et minimes \u00a0: 120 euros<\/span><\/p>\n<p><span style=\"color: #008000\">Cadettes : 150 euros<\/span><\/p>\n<p><span style=\"color: #008000\">P3, P2 et P1 : 180 euros<\/span><\/p><\/blockquote>\n","protected":false},"excerpt":{"rendered":"<p>&nbsp; Vous ou votre enfant souhaitez rejoindre notre club? Pour ce faire envoyez un e-mail \u00e0 l\u2019adresse suivante : bultot.martine@gmail.com ou contactez notre secr\u00e9taire Martine Bultot par t\u00e9l\u00e9phone au 0474\/67.47.48. &nbsp; Toutes les cotisations sont \u00e0 verser sur le compte BE46 3400 4089 5036 en y mentionnant le NOM et PRENOM de votre enfant. Les [&hellip;]<\/p>\n","protected":false},"author":21,"featured_media":0,"parent":0,"menu_order":0,"comment_status":"closed","ping_status":"closed","template":"page-templates\/page-join.php","meta":{"footnotes":""},"class_list":["post-12","page","type-page","status-publish","hentry"],"_links":{"self":[{"href":"https:\/\/tst.basketclubs.be\/espoirhamoir96\/wp-json\/wp\/v2\/pages\/12","targetHints":{"allow":["GET"]}}],"collection":[{"href":"https:\/\/tst.basketclubs.be\/espoirhamoir96\/wp-json\/wp\/v2\/pages"}],"about":[{"href":"https:\/\/tst.basketclubs.be\/espoirhamoir96\/wp-json\/wp\/v2\/types\/page"}],"author":[{"embeddable":true,"href":"https:\/\/tst.basketclubs.be\/espoirhamoir96\/wp-json\/wp\/v2\/users\/21"}],"replies":[{"embeddable":true,"href":"https:\/\/tst.basketclubs.be\/espoirhamoir96\/wp-json\/wp\/v2\/comments?post=12"}],"version-history":[{"count":11,"href":"https:\/\/tst.basketclubs.be\/espoirhamoir96\/wp-json\/wp\/v2\/pages\/12\/revisions"}],"predecessor-version":[{"id":8762,"href":"https:\/\/tst.basketclubs.be\/espoirhamoir96\/wp-json\/wp\/v2\/pages\/12\/revisions\/8762"}],"wp:attachment":[{"href":"https:\/\/tst.basketclubs.be\/espoirhamoir96\/wp-json\/wp\/v2\/media?parent=12"}],"curies":[{"name":"wp","href":"https:\/\/api.w.org\/{rel}","templated":true}]}}