{"id":5,"date":"2015-03-27T13:28:51","date_gmt":"2015-03-27T11:28:51","guid":{"rendered":"https:\/\/tst.basketclubs.be\/bcmalonne\/?page_id=5"},"modified":"2019-10-14T21:07:25","modified_gmt":"2019-10-14T19:07:25","slug":"committee","status":"publish","type":"page","link":"https:\/\/tst.basketclubs.be\/bcmalonne\/committee\/","title":{"rendered":"Comit\u00e9"},"content":{"rendered":"<p>Notre comit\u00e9 se compose d&rsquo;une \u00e9quipe motiv\u00e9e !<\/p>\n<p>&nbsp;<\/p>\n","protected":false},"excerpt":{"rendered":"<p>Notre comit\u00e9 se compose d&rsquo;une \u00e9quipe motiv\u00e9e ! &nbsp;<\/p>\n","protected":false},"author":17,"featured_media":0,"parent":0,"menu_order":0,"comment_status":"closed","ping_status":"closed","template":"page-templates\/page-committee.php","meta":{"footnotes":""},"class_list":["post-5","page","type-page","status-publish","hentry"],"_links":{"self":[{"href":"https:\/\/tst.basketclubs.be\/bcmalonne\/wp-json\/wp\/v2\/pages\/5","targetHints":{"allow":["GET"]}}],"collection":[{"href":"https:\/\/tst.basketclubs.be\/bcmalonne\/wp-json\/wp\/v2\/pages"}],"about":[{"href":"https:\/\/tst.basketclubs.be\/bcmalonne\/wp-json\/wp\/v2\/types\/page"}],"author":[{"embeddable":true,"href":"https:\/\/tst.basketclubs.be\/bcmalonne\/wp-json\/wp\/v2\/users\/17"}],"replies":[{"embeddable":true,"href":"https:\/\/tst.basketclubs.be\/bcmalonne\/wp-json\/wp\/v2\/comments?post=5"}],"version-history":[{"count":11,"href":"https:\/\/tst.basketclubs.be\/bcmalonne\/wp-json\/wp\/v2\/pages\/5\/revisions"}],"predecessor-version":[{"id":557,"href":"https:\/\/tst.basketclubs.be\/bcmalonne\/wp-json\/wp\/v2\/pages\/5\/revisions\/557"}],"wp:attachment":[{"href":"https:\/\/tst.basketclubs.be\/bcmalonne\/wp-json\/wp\/v2\/media?parent=5"}],"curies":[{"name":"wp","href":"https:\/\/api.w.org\/{rel}","templated":true}]}}