{"id":3,"date":"2015-09-18T20:18:09","date_gmt":"2015-09-18T18:18:09","guid":{"rendered":"https:\/\/tst.basketclubs.be\/bcerpent\/?page_id=3"},"modified":"2019-04-04T17:04:22","modified_gmt":"2019-04-04T15:04:22","slug":"history-2","status":"publish","type":"page","link":"https:\/\/tst.basketclubs.be\/bcerpent\/history-2\/","title":{"rendered":"Historique du BC Erpent"},"content":{"rendered":"<p><strong>1971<\/strong><\/p>\n<ul>\n<li>Naissance du club sous le num\u00e9ro de matricule 1578<\/li>\n<li>Cinq \u00e9quipes align\u00e9es en championnat dont deux f\u00e9minines<\/li>\n<li>Evolution en plein air sur la place Collige \u00e0 Erpent<\/li>\n<\/ul>\n<hr \/>\n<p><strong>1976<\/strong><\/p>\n<ul>\n<li>Rentr\u00e9e au Coll\u00e8ge ND de la Paix \u00e0 Erpent<\/li>\n<li>D\u00e9part des \u00e9quipes f\u00e9minines vers le Mosa Jambes<\/li>\n<\/ul>\n<hr \/>\n<p><strong>De 1976 \u00e0 1989<\/strong><\/p>\n<ul>\n<li>Le club compte jusqu&rsquo;\u00e0 trois \u00e9quipes de jeunes et des seniors (\u00e9quipes premi\u00e8re et r\u00e9serve) qui \u00e9voluent tant\u00f4t en P2, tant\u00f4t en P1<\/li>\n<\/ul>\n<hr \/>\n<p><strong>1989\u00a0 : crise existentielle<\/strong><\/p>\n<ul>\n<li>Plus aucune \u00e9quipe de jeunes<\/li>\n<li>Les seniors basculent en P3<\/li>\n<\/ul>\n<hr \/>\n<p><strong>A partir de 1989<\/strong><\/p>\n<ul>\n<li>Cr\u00e9ation de nouvelles \u00e9quipes de jeunes et effort important mis sur la formation<\/li>\n<li>Int\u00e9gration des jeunes dans les \u00e9quipes seniors, &#8230;<\/li>\n<\/ul>\n<hr \/>\n<p><strong>2013-2014 <\/strong><\/p>\n<ul>\n<li>Le club compte 120 joueurs r\u00e9partis en 9 \u00e9quipes de jeunes et 2 \u00e9quipes de seniors (P1 et P2)<\/li>\n<li>En fin de championnat (avril 2014), participation de la P1 \u00e0 la finale des play-offs et mont\u00e9e en R2, une premi\u00e8re pour le BC Erpent<\/li>\n<\/ul>\n<hr \/>\n<p><strong>2014-2015<\/strong><\/p>\n<ul>\n<li>Poursuite de l&rsquo;apprentissage du m\u00e9tier \u00e0 tous les niveaux<\/li>\n<li>Les 3 \u00e9quipes seniors se distinguent : la P3 re\u00e7oit le prix du fair-play, la P2 se classe premi\u00e8re de sa s\u00e9rie et monte en P1, la R2 se maintient en r\u00e9gionale<\/li>\n<\/ul>\n<hr \/>\n<p><strong>2015-2016<\/strong><\/p>\n<ul>\n<li>Continuit\u00e9 dans la formation des jeunes<\/li>\n<li>Ambition pour les \u00e9quipes de seniors (R2, P1 et deux P3)<\/li>\n<\/ul>\n<hr \/>\n<p><strong>2016-2018<\/strong><\/p>\n<ul>\n<li>L&rsquo;\u00e9quipe fanion vit deux superbes saisons sous la houlette de Jean-Louis Jacobs, se qualifiant \u00e0 deux reprise pour les P-O de R2, \u00e9chouant de justesse en 1\/2 finale face \u00e0 Awans, puis Maffle.<\/li>\n<\/ul>\n","protected":false},"excerpt":{"rendered":"<p>1971 Naissance du club sous le num\u00e9ro de matricule 1578 Cinq \u00e9quipes align\u00e9es en championnat dont deux f\u00e9minines Evolution en plein air sur la place Collige \u00e0 Erpent 1976 Rentr\u00e9e au Coll\u00e8ge ND de la Paix \u00e0 Erpent D\u00e9part des \u00e9quipes f\u00e9minines vers le Mosa Jambes De 1976 \u00e0 1989 Le club compte jusqu&rsquo;\u00e0 trois [&hellip;]<\/p>\n","protected":false},"author":68,"featured_media":0,"parent":0,"menu_order":0,"comment_status":"closed","ping_status":"closed","template":"page-templates\/page-history.php","meta":{"footnotes":""},"class_list":["post-3","page","type-page","status-publish","hentry"],"_links":{"self":[{"href":"https:\/\/tst.basketclubs.be\/bcerpent\/wp-json\/wp\/v2\/pages\/3","targetHints":{"allow":["GET"]}}],"collection":[{"href":"https:\/\/tst.basketclubs.be\/bcerpent\/wp-json\/wp\/v2\/pages"}],"about":[{"href":"https:\/\/tst.basketclubs.be\/bcerpent\/wp-json\/wp\/v2\/types\/page"}],"author":[{"embeddable":true,"href":"https:\/\/tst.basketclubs.be\/bcerpent\/wp-json\/wp\/v2\/users\/68"}],"replies":[{"embeddable":true,"href":"https:\/\/tst.basketclubs.be\/bcerpent\/wp-json\/wp\/v2\/comments?post=3"}],"version-history":[{"count":9,"href":"https:\/\/tst.basketclubs.be\/bcerpent\/wp-json\/wp\/v2\/pages\/3\/revisions"}],"predecessor-version":[{"id":3248,"href":"https:\/\/tst.basketclubs.be\/bcerpent\/wp-json\/wp\/v2\/pages\/3\/revisions\/3248"}],"wp:attachment":[{"href":"https:\/\/tst.basketclubs.be\/bcerpent\/wp-json\/wp\/v2\/media?parent=3"}],"curies":[{"name":"wp","href":"https:\/\/api.w.org\/{rel}","templated":true}]}}